n be (20/(-10))/(4/(-106)). Suppose -3*w + a = -n, -83 = -3*w + 2*a - 31. Calculate the highest common factor of 126 and w.
18
Suppose -2*y + i + 718 + 822 = 0, -776 = -y + 2*i. What is the highest common divisor of y and 48?
48
Suppose 48 = -2*g + 8. Let k be (88/g)/(1/(-5)) + -4. What is the greatest common factor of k and 9?
9
Let n(o) = -o**3 - 2*o**2 + 4*o + 4. Let g be n(-3). Let i be (-418)/(-10) + g - 52/65. What is the greatest common divisor of 28 and i?
14
Let o be (-128)/(8/1 + -9). What is the greatest common factor of o and 8?
8
Let b(i) = 3*i**2 + 10*i - 518. Let t be b(31). What is the highest common factor of 107 and t?
107
Suppose -303 = -4*l + 2*y + 879, 2*y + 300 = l. What is the greatest common factor of l and 84?
42
Let u be 1 - 0 - 0 - -2. Let l(j) = -12*j + 13 + 0*j + 10*j. Let n be l(u). What is the highest common factor of n and 63?
7
Suppose -b + 486 = 3*c, c = -4*c + 4*b + 793. Suppose 0 = -2*y - 2*p + 9 + 47, 5*p - 78 = -3*y. Let g = -8 + y. Calculate the highest common factor of g and c.
23
Let w = -235 + 325. Calculate the highest common factor of w and 10.
10
Suppose 4*a - 5*g - 131 = 74, 0 = 3*a - 4*g - 153. Calculate the highest common divisor of a and 85.
5
Let f(u) = u**2 - 4*u - 5. Let l be f(-4). Let z be 21/(-28) + (-222)/(-8). What is the greatest common divisor of z and l?
27
Suppose -2682 = -10*q + q. Suppose 3*v - 211 = -0*v - r, 2*r = 4*v - q. Calculate the highest common divisor of v and 8.
8
Suppose 0 = -9*k + 12 + 15. Calculate the greatest common factor of k and 1.
1
Let l be 169/1 - (-5 - 6). Calculate the greatest common factor of l and 306.
18
Let s = -13 - -18. Suppose 1 = o - 5*y, 37 + s = 4*o - y. Suppose 0*i + 3*i = 297. What is the greatest common factor of o and i?
11
Let v(i) = -i**2 - 6. Let a be v(-5). Let m = -21 - a. Calculate the greatest common divisor of 30 and m.
10
Suppose 18*j - 3407 - 1633 = 0. Let a = -38 + 73. Calculate the greatest common divisor of a and j.
35
Let i(c) = -4*c - 28. Let d(m) = -m**2 - 2*m - 15. Let f be d(0). Let p be i(f). Let q be 1*(-3 - -2) + 9. What is the greatest common divisor of p and q?
8
Suppose 328 + 332 = 5*n. Suppose l + l - n = 0. Suppose 44 = -r + 3*r. Calculate the highest common divisor of r and l.
22
Let i be 2*22/(-4)*(-14 + 13). Calculate the highest common divisor of 22 and i.
11
Let m be 250/300 - 1/(-6). What is the highest common factor of 22 and m?
1
Suppose 4*o - 1240 = -4*g, -2*o + 635 = -18*g + 17*g. Calculate the highest common divisor of o and 140.
35
Let f be 4 + (-4 - -4) - -1. Suppose 3*v = -5*r + 18 + 12, 0 = 4*r - f*v - 61. Let y be 1/(2/2*1). Calculate the highest common factor of r and y.
1
Let l be -2 - (0 - -1) - -9. Let k = 34 + -55. Let p be (k/(-12) + -2)*-4. What is the greatest common factor of l and p?
1
Let l(j) = -13*j - 438. Let i be l(-51). Calculate the greatest common factor of 10 and i.
5
Suppose -h = 3, -3*r + 3*h + 10822 = -7700. What is the greatest common factor of 51 and r?
51
Let s be ((-90)/(-54))/((-26)/36 + 1). Let l(m) = 3*m**3 - 4*m**2 + m. Let q be l(3). Calculate the highest common divisor of q and s.
6
Let n be ((-1540)/30)/(2/(-18)). Let h = n + -166. What is the greatest common divisor of h and 37?
37
Let q(z) = -3*z**2 - 15*z - 8. Let n be q(-10). Let x be -1 - 1 - (2 + n). Let f be (x/42)/((-2)/(-18)). Calculate the highest common divisor of 22 and f.
11
Let s = -29 + 44. Suppose s*j - 30 = 10*j. Let v be -6*(6/4 + -2). Calculate the greatest common divisor of j and v.
3
Suppose 5*p - 12 = 3. Suppose 0 = -b + p*b + 20. Let n = -2 - b. What is the highest common factor of n and 8?
8
Let g be (88/6)/((-9)/27). Let z = 88 + g. Calculate the greatest common divisor of z and 4.
4
Suppose 3 = k - n, -2*k - 4*n + 7 - 19 = 0. Suppose -3*h = 4*a - 59, k*a = -2*h + 2*a + 44. What is the greatest common divisor of 3 and h?
3
Let r(d) = -15*d + 132. Let s be r(6). Calculate the highest common divisor of 63 and s.
21
Suppose 3*a - 3*o - 93 = -2*o, 5*a = -4*o + 138. Suppose 311*g - 174 = 282*g. Calculate the greatest common factor of a and g.
6
Let y = -14 - -31. Suppose y*t + 21 = 20*t. Calculate the highest common factor of t and 7.
7
Suppose 3*s = -55 + 295. What is the highest common factor of 208 and s?
16
Suppose 2*c - 606 = -3*m, 906 = 3*c - 10*m + 13*m. Calculate the greatest common factor of c and 25.
25
Suppose -6*a + 249 - 33 = 0. Suppose 3 + 9 = 3*p, 2*k + p - a = 0. Calculate the greatest common factor of k and 16.
16
Let k = -1057 - -1798. Suppose -4*n - 2*r + 716 = 2*r, 4*n - r - k = 0. What is the greatest common divisor of 23 and n?
23
Let i(r) = -r**2 - 6*r - 3. Let b be i(-6). Let q be (b + 5)/((-4)/66). Let y = q + 53. Calculate the highest common factor of 4 and y.
4
Let r be (-1)/3 - (-2114)/6. Suppose r = 22*g - 18*g. Let s be ((-8)/(-14))/(3/42). What is the greatest common factor of g and s?
8
Let p = -23 + 32. Suppose t = 6*t - 1590. Suppose -323*j + t*j = -15. Calculate the greatest common factor of j and p.
3
Let q be 82/10 + 2 + (-22)/10. Let g = q + -4. What is the highest common factor of g and 2?
2
Suppose -5*m = 4*y - 51 - 34, 51 = 3*m - 3*y. Suppose -5*q + 2*q - 12 = 0. Let s = m + q. Calculate the greatest common factor of s and 143.
13
Suppose 114 = 3*d - 2*d + 2*i, 110 = d + i. Calculate the highest common factor of 265 and d.
53
Let h = 1510 - 301. Calculate the highest common factor of 186 and h.
93
Suppose -75*i + 72*i = -9396. Calculate the greatest common factor of i and 108.
108
Let x(w) = w**3 + 18*w**2 - 5*w - 4. Let v be x(-18). What is the highest common factor of 559 and v?
43
Let w be (-99 + 4)*7/(70/(-136)). Calculate the highest common divisor of 152 and w.
76
Let g = -1215 - -1709. Calculate the highest common factor of g and 52.
26
Let f = 67 + -34. Let b(i) = 2*i**3 + 3*i**2 - 4*i + 2. Let h = -2 - -4. Let w be b(h). Calculate the highest common divisor of w and f.
11
Let j = -62 - 32. Let v = j - -110. What is the greatest common divisor of 16 and v?
16
Let p = 333 - 273. What is the highest common factor of 16 and p?
4
Let k = -23 - -9. Let o = k - -14. Suppose r + 2 - 50 = o. Calculate the greatest common factor of 120 and r.
24
Let u = 6 + -8. Let i(q) = 6*q**2 + 3*q + 3. Let n be i(u). Suppose 5*r = 3*x + 6, -x - r + 15 = 3*x. What is the highest common factor of n and x?
3
Let f(v) = 3*v**3 + 2*v**2 - 3*v. Let s be f(3). Let j(k) = -32*k**3 - 14*k**2 - k - 1. Let d be j(-1). What is the highest common divisor of s and d?
18
Let f = -37 - -98. Suppose 5*j - f - 9 = 0. What is the greatest common factor of 42 and j?
14
Let q = 205 - 103. Suppose q = 4*g + 6. Let i = -3 + g. What is the greatest common factor of i and 21?
21
Let i = 35 - 35. Let l(y) = -y**3 - 2*y + 10. Let x be l(i). What is the greatest common factor of x and 100?
10
Suppose 2*l = 18*l - 128. Calculate the greatest common divisor of 22 and l.
2
Let m = 7 + -5. Suppose 2*k - 4*h = -6, -m*k - 2*h + 3*h = -3. Let v be 0 - (k - 3) - -341. Calculate the greatest common divisor of v and 31.
31
Let x be 78/(-273) + 548/7. What is the highest common factor of x and 18?
6
Let g(m) = -2*m**3 - m + 2. Let q be g(0). Let y = -62 + 71. What is the greatest common divisor of q and y?
1
Let o be (15/20 + 0)*4. Suppose -15 = -o*v, 32 = 4*g - 5*v - 95. What is the greatest common divisor of 95 and g?
19
Let r be 437/2 + (-5)/2 + 4. What is the highest common divisor of 10 and r?
10
Let z(a) = a**3 + 9*a**2 - 3*a - 17. Let x be z(-9). Let b be -2 + x - 2/2. Calculate the greatest common factor of b and 14.
7
Let y be (-406)/(-10) - 3/5. Let g(m) = -m**2 + 7*m - 7. Let f be g(4). What is the greatest common divisor of y and f?
5
Let c(i) = -85*i**3 + i**2 + 3*i + 1. Let r be c(-1). Suppose -5*t + 21 = -r. What is the highest common factor of t and 84?
21
Let v(t) = -120*t - 823. Let g be v(-7). Calculate the greatest common factor of 425 and g.
17
Let z = -129 + 161. Calculate the greatest common divisor of z and 48.
16
Let h be (-6 - -4) + 894/(5 - 3). What is the greatest common factor of 623 and h?
89
Let y(n) = 29*n**3 + 3*n**2 - 6*n + 2. Let c be y(2). Calculate the greatest common divisor of c and 54.
18
Let f(y) = y**2 + 11*y - 34. Let m be f(-14). What is the highest common divisor